20 is divided by 21?
16
What is the remainder when 604 is divided by 12?
4
Calculate the remainder when 13726 is divided by 199.
194
Calculate the remainder when 50 is divided by 27.
23
What is the remainder when 314 is divided by 15?
14
What is the remainder when 89 is divided by 5?
4
What is the remainder when 19798 is divided by 300?
298
What is the remainder when 127 is divided by 52?
23
What is the remainder when 2043 is divided by 73?
72
What is the remainder when 147 is divided by 15?
12
What is the remainder when 223 is divided by 40?
23
What is the remainder when 46 is divided by 34?
12
Calculate the remainder when 24 is divided by 4.
0
What is the remainder when 90 is divided by 32?
26
What is the remainder when 1325 is divided by 121?
115
Calculate the remainder when 756 is divided by 45.
36
What is the remainder when 18305 is divided by 81?
80
What is the remainder when 204 is divided by 19?
14
Calculate the remainder when 13788 is divided by 16.
12
What is the remainder when 161 is divided by 21?
14
Calculate the remainder when 230 is divided by 32.
6
Calculate the remainder when 171 is divided by 85.
1
Calculate the remainder when 1118 is divided by 40.
38
Calculate the remainder when 299 is divided by 59.
4
What is the remainder when 1185 is divided by 146?
17
What is the remainder when 991 is divided by 122?
15
Calculate the remainder when 208 is divided by 24.
16
Calculate the remainder when 39 is divided by 18.
3
What is the remainder when 194 is divided by 24?
2
Calculate the remainder when 238 is divided by 30.
28
Calculate the remainder when 1014 is divided by 34.
28
What is the remainder when 21 is divided by 5?
1
What is the remainder when 8429 is divided by 30?
29
What is the remainder when 12 is divided by 11?
1
Calculate the remainder when 421 is divided by 81.
16
What is the remainder when 92 is divided by 73?
19
What is the remainder when 2389 is divided by 342?
337
Calculate the remainder when 2274 is divided by 120.
114
What is the remainder when 693 is divided by 24?
21
Calculate the remainder when 342 is divided by 102.
36
Calculate the remainder when 578 is divided by 150.
128
Calculate the remainder when 146 is divided by 25.
21
Calculate the remainder when 371 is divided by 125.
121
What is the remainder when 944 is divided by 309?
17
Calculate the remainder when 24 is divided by 5.
4
Calculate the remainder when 1483 is divided by 216.
187
Calculate the remainder when 2125 is divided by 152.
149
Calculate the remainder when 40 is divided by 7.
5
What is the remainder when 3079 is divided by 308?
307
What is the remainder when 2452 is divided by 608?
20
What is the remainder when 8045 is divided by 161?
156
What is the remainder when 309 is divided by 76?
5
What is the remainder when 6818 is divided by 11?
9
Calculate the remainder when 80 is divided by 17.
12
What is the remainder when 289 is divided by 92?
13
Calculate the remainder when 8127 is divided by 16.
15
Calculate the remainder when 142 is divided by 16.
14
Calculate the remainder when 778 is divided by 196.
190
Calculate the remainder when 1100 is divided by 46.
42
What is the remainder when 410 is divided by 130?
20
What is the remainder when 73 is divided by 19?
16
Calculate the remainder when 445 is divided by 56.
53
What is the remainder when 177 is divided by 91?
86
Calculate the remainder when 41 is divided by 9.
5
Calculate the remainder when 53 is divided by 45.
8
Calculate the remainder when 261 is divided by 98.
65
What is the remainder when 3427 is divided by 127?
125
Calculate the remainder when 264 is divided by 91.
82
What is the remainder when 760 is divided by 7?
4
Calculate the remainder when 3753 is divided by 7.
1
What is the remainder when 15 is divided by 13?
2
What is the remainder when 895 is divided by 26?
11
Calculate the remainder when 206 is divided by 98.
10
What is the remainder when 642 is divided by 94?
78
Calculate the remainder when 113 is divided by 64.
49
Calculate the remainder when 219 is divided by 37.
34
Calculate the remainder when 106 is divided by 15.
1
What is the remainder when 704 is divided by 253?
198
What is the remainder when 374 is divided by 13?
10
What is the remainder when 1412 is divided by 9?
8
What is the remainder when 64 is divided by 36?
28
Calculate the remainder when 313 is divided by 64.
57
Calculate the remainder when 1381 is divided by 105.
16
What is the remainder when 140 is divided by 47?
46
Calculate the remainder when 160 is divided by 50.
10
Calculate the remainder when 504 is divided by 164.
12
What is the remainder when 1070 is divided by 110?
80
Calculate the remainder when 164 is divided by 78.
8
Calculate the remainder when 5116 is divided by 43.
42
Calculate the remainder when 6931 is divided by 2309.
4
What is the remainder when 6365 is divided by 18?
11
Calculate the remainder when 2620 is divided by 13.
7
What is the remainder when 35 is divided by 9?
8
What is the remainder when 1610 is divided by 4?
2
What is the remainder when 30 is divided by 16?
14
Calculate the remainder when 5876 is divided by 40.
36
What is the remainder when 1023 is divided by 54?
51
Calculate the remainder when 195 is divided by 53.
36
Calculate the remainder when 266 is divided by 69.
59
What is the remainder when 274 is divided by 84?
22
What is the remainder when 960 is divided by 211?
116
Calculate the remainder when 2472 is divided by 812.
36
What is the remainder when 1017 is divided by 68?
65
What is the remainder when 242 is divided by 139?
103
Calculate the remainder when 667 is divided by 56.
51
What is the remainder when 207 is divided by 71?
65
Calculate the remainder when 434 is divided by 142.
8
Calculate the remainder when 130 is divided by 34.
28
What is the remainder when 3165 is divided by 41?
8
What is the remainder when 93 is divided by 36?
21
What is the remainder when 1520 is divided by 1518?
2
Calculate the remainder when 61 is divided by 1.
0
Calculate the remainder when 199 is divided by 68.
63
Calculate the remainder when 700 is divided by 352.
348
What is the remainder when 90478 is divided by 435?
433
Calculate the remainder when 1313 is divided by 49.
39
What is the remainder when 131 is divided by 46?
39
Calculate the remainder when 237 is divided by 24.
21
Calculate the remainder when 2295 is divided by 10.
5
Calculate the remainder when 1088 is divided by 13.
9
Calculate the remainder when 752 is divided by 63.
59
What is the remainder when 6060 is divided by 7?
5
What is the remainder when 505 is divided by 39?
37
Calculate the remainder when 1117 is divided by 555.
7
What is the remainder when 7587 is divided by 23?
20
Calculate the remainder when 964 is divided by 34.
12
Calculate the remainder when 183 is divided by 37.
35
Calculate the remainder when 224 is divided by 45.
44
What is the remainder when 35 is divided by 9?
8
What is the remainder when 7198 is divided by 225?
223
Calculate the remainder when 629 is divided by 99.
35
Calculate the remainder when 2013 is divided by 52.
37
Calculate the remainder when 18 is divided by 10.
8
What is the remainder when 309 is divided by 35?
29
What is the remainder when 234 is divided by 60?
54
What is the remainder when 386 is divided by 30?
26
What is the remainder when 75 is divided by 52?
23
What is the remainder when 1254 is divided by 37?
33
Calculate the remainder when 188 is divided by 23.
4
What is the remainder when 55694 is divided by 141?
140
Calculate the remainder when 2673 is divided by 1331.
11
What is the remainder when 160 is divided by 14?
6
What is the remainder when 499 is divided by 126?
121
Calculate the remainder when 497 is divided by 6.
5
What is the remainder when 67 is divided by 24?
19
Calculate the remainder when 345 is divided by 91.
72
Calculate the remainder when 778 is divided by 175.
78
What is the remainder when 443 is divided by 37?
36
Calculate the remainder when 273 is divided by 254.
19
What is the remainder when 18 is divided by 7?
4
What is the remainder when 615 is divided by 177?
84
What is the remainder when 1449 is divided by 95?
24
What is the remainder when 11644 is divided by 128?
124
What is the remainder when 485 is divided by 27?
26
What is the remainder when